n - 90827 = 264*n. What are the prime factors of x?
181, 251
Suppose -2*n + 6352 = -3*h + 567, -14529 = -5*n - 2*h. List the prime factors of n.
2903
Let i = 396 + -927. Let f = 1265 + i. What are the prime factors of f?
2, 367
Let y(i) be the first derivative of 47*i**3 - 5*i**2/2 + 18*i + 189. List the prime factors of y(3).
2, 3, 53
Suppose 0 = 135*j - 123*j + 96. Let s(v) = 3 + 4 - v**3 - 10*v - 8*v**2 - 4. List the prime factors of s(j).
83
Let v(r) = r**3 - 5*r**2 + 2*r - 10. Let m be v(5). Suppose m = 5*k + 2*x - 1620, -k + 3*x = x - 324. What are the prime factors of k?
2, 3
Let d = -811 + 2233. Suppose -4*t = 3*o - 2144, t + d = 2*o - 0*t. What are the prime factors of o?
2, 89
Suppose 10*p + 3073383 = 7*p + 84*p. List the prime factors of p.
19, 1997
List the prime factors of (-359785)/(-55) - ((-702)/99)/(-13).
31, 211
Suppose 4*v = 5*x - 547, v + 273 = -v + 3*x. What are the prime factors of 7/((-14)/(-30))*v/(-18)?
5, 23
Suppose z - 41 = -g + 135, 0 = -4*z + 20. Let l = g - 80. Suppose y + 0*y + 3*k - 26 = 0, -4*y + l = -k. List the prime factors of y.
23
Let g = 991 + -448. Let k = g - 312. List the prime factors of k.
3, 7, 11
Suppose -6*t + 72 = 36. Suppose 0 = -5*v + t*p - p + 2085, v = 4*p + 417. List the prime factors of v.
3, 139
Suppose -20 = -5*n, l = -2*n + 5565 + 1626. What are the prime factors of l?
11, 653
Let u be 10/(-4) + ((-62)/(-4) - -3). Let q(o) = 12*o + 62. List the prime factors of q(u).
2, 127
Suppose -3*f - 182 = -4*f + 4*z, 886 = 5*f + 4*z. Suppose s - 6*s = -5*w + 285, -3*w + f = 4*s. Let r = 79 + w. What are the prime factors of r?
137
List the prime factors of -2 - -6770 - (-4 + 336/24).
2, 31, 109
Let j = 89765 + -25617. What are the prime factors of j?
2, 7, 29, 79
Let g(t) = -t**2 + 23*t + 55. Let x be g(25). Suppose -11 = -x*s - 1. Suppose -2*m - 414 = -2*q, q - 621 = -2*q + s*m. List the prime factors of q.
3, 23
Let q be 710/16 + (6 - (-408)/(-64)). Let b = 47 - q. Suppose -r - 76 = -b*h, -3*r + 100 = 5*h - 50. What are the prime factors of h?
3
Let m be 0 + -27*(-2)/6. List the prime factors of 180/15*690/m.
2, 5, 23
Suppose 4*o - 5*l = 53095, -309*l - 2 = -311*l. What are the prime factors of o?
3, 5, 59
Let s(k) = -6*k + 65. Let h be s(11). List the prime factors of (-4)/((h - (-1078)/(-269)) + 5).
2, 269
Let s(h) = 2*h + 4. Suppose -9*f + 35 = -2*f. Suppose -3*w + m + 49 = 0, 2*w + f*m + 65 = 5*w. List the prime factors of s(w).
2, 17
What are the prime factors of 1670/(-4)*(-264)/(-55)*-2?
2, 3, 167
Suppose 3*w - 837 + 3027 = 0. Let d = -276 - w. Suppose -d + 62 = -14*k. What are the prime factors of k?
2, 7
Let q = 3989 - 3343. Let r = -3 - -7. Suppose -3*a + 2*j = -143 - 330, -q = -r*a - 5*j. What are the prime factors of a?
3, 53
Let q = -3604 + 612. Let m = -1749 - q. List the prime factors of m.
11, 113
Let x be 8*-2*109/4. Suppose 3*r = -10 + 19, -3*r + 33 = 4*i. What are the prime factors of i/(-9) - x/6?
2, 3
Let v = 14 - -4. Let t be (13 - 1)/(1/v). Let x = t + -119. What are the prime factors of x?
97
Let u(p) = -2*p**2 + 4*p + 6. Let t be u(3). Suppose 5*r + 3607 = 3*w, t = -w + 3*w - 5*r - 2408. List the prime factors of w.
11, 109
Let m(l) = -34*l - 236. Let u(k) = -8*k + 169. Let p be u(22). List the prime factors of m(p).
2
Let a = -15 - -15. Suppose v - 19 = -a. Suppose 5*c - 51 - v = 0. What are the prime factors of c?
2, 7
Let s = -39 + 27. Let c be 4/(-6) + (-8)/s. Suppose -4*t = -12, o + 5*t = -c*o + 39. List the prime factors of o.
2, 3
Let u(n) be the first derivative of -3*n**2 + 310*n - 34. List the prime factors of u(0).
2, 5, 31
Let m = 5112 - 14592. What are the prime factors of (2/4 - 0)*m/(-20)?
3, 79
Let b = 1303 + -690. Let k = b - 280. List the prime factors of k.
3, 37
Let n = 80 - 73. Suppose 3*b = 22 - n, -3*b + 3 = -4*w. List the prime factors of ((-15)/10)/(w/29)*-2.
29
Let l be (-69)/(-115) - 429/15. List the prime factors of (26/(-4) + 4)*l*5.
2, 5, 7
Suppose 2*x - 5*x + 84 = -3*y, -y + 3 = 0. Let l = 242 - 225. Let z = x + l. List the prime factors of z.
2, 3
Let o = 7035 + -3602. List the prime factors of o.
3433
Let o = 16540 - -7202. What are the prime factors of o?
2, 3, 1319
Let h be (-28)/12*(-5 + -244). Let z = -386 + h. List the prime factors of z.
3, 5, 13
Let x = 38 + 464. Let s = x - 1226. List the prime factors of 33/(-22)*(s/6 + 0).
181
Let m be (-70)/((10/4)/(30/24)). Let z(r) = 12*r + 5. Let c be z(-6). Let h = m - c. What are the prime factors of h?
2
Let h(i) = -2*i - 9. Let u be h(-9). Suppose -p + 4*p = -u. What are the prime factors of (-14)/(p + (-2 - 14/(-3)))?
2, 3, 7
Suppose -4*t - 5*h = -4649, t + 7*h = 12*h + 1181. Let o = t - 557. What are the prime factors of o?
3, 7, 29
Let l(f) = -187*f - 23. Let r(v) = v**3 + 5*v**2 + 7*v + 2. Let x be r(-3). List the prime factors of l(x).
2, 41
Suppose 4*b - 21 = -69. Let i = b - -19. Let n(w) = 2*w**2 + 2*w + 15. List the prime factors of n(i).
127
Suppose -5 = -7*y + 9. Suppose -s = y*k - 391, -k - 2*k = s - 387. What are the prime factors of s?
3, 7, 19
Suppose -k + 5288 = 3*v, 7*k = 2*k - 3*v + 26488. List the prime factors of k.
2, 5, 53
Let a(o) = 24*o**2 + 10*o + 6. Let k be a(7). Suppose -k = -7*d - 412. List the prime factors of d.
2, 3, 5
Suppose -5*i + 61 - 36 = 0. Suppose 9*k - 8 = i*k. Suppose -a + k*a = -3*g + 413, -147 = -g - 5*a. What are the prime factors of g?
137
Let s = 4907 + 33339. List the prime factors of s.
2, 13, 1471
Suppose 2*p - 24334 = -v - 2690, 3*p - 2*v - 32445 = 0. What are the prime factors of p?
31, 349
Let h = 32257 - 10824. What are the prime factors of h?
21433
Suppose q + 4 = 0, 4*u - q - 26836 = q. What are the prime factors of u?
19, 353
Let i be (-2 - 44/(-10))*(1 + 4). Let v(b) = -b + 16. Let c be v(i). Suppose -h + 49 = p, 0*h + 190 = c*p + h. What are the prime factors of p?
47
Suppose 43*w - 1279786 - 1109408 = -26*w. List the prime factors of w.
2, 3, 29, 199
Suppose 3*l + 4*d = -7, 13 + 3 = -4*d. Suppose -4*u - 1864 = -5*t, 0*u - l*u = 3. List the prime factors of t.
2, 3, 31
Suppose 2*h - 123 = -99. Suppose -1035 = -h*b + 1257. List the prime factors of b.
191
Suppose -5*l + 37965 = 3*x, -5*x - 16989 = -l - 80236. What are the prime factors of x?
2, 5, 11, 23
Let t(j) = -23*j + 970. What are the prime factors of t(-36)?
2, 29, 31
Suppose 724497 - 1085815 = -117*x + 1784345. List the prime factors of x.
3, 6113
Let d = 44 + -42. Let h be 104 - -5 - (-2)/d. Let i = h - -93. What are the prime factors of i?
7, 29
Let n(o) = 4*o**3 - o**2 - 7*o + 7. Let x be n(1). Suppose -4963 = -5*i + 4*l - 1268, x*l = 0. List the prime factors of i.
739
Suppose -i + y = 4*y + 12, -i = 2*y + 7. Suppose 0*u = u - i. List the prime factors of 188 + -3*(4 - u).
5, 37
Suppose -3*x + 28 = x - 4*r, 5*r = 2*x - 26. Let p be (-1)/(-6) + x + 7287/18. Let y = -238 + p. List the prime factors of y.
2, 5, 17
Suppose 0*n - 5*n - 4*x = -463, -3*n = -2*x - 291. Let v = -98 + n. What are the prime factors of ((-920)/60 - (-4)/2)*v?
2, 5
Suppose 71636 - 204004 = -4*k - 2*u, 5*k = 2*u + 165496. List the prime factors of k.
2, 3, 7, 197
Let g(x) = 2*x + 17. Let n be (-52)/39 + (-11)/3. Let w be g(n). What are the prime factors of (w/21)/((-1)/471)*-1?
157
Let r(q) = -246*q**3 + 2*q**2 + 8*q + 5. Let j be r(-2). Suppose 1304 = 2*b + a, -14*b + 3*a = -11*b - j. What are the prime factors of b?
653
Let l = 129 - 127. Suppose -942 = -3*a - l*h + 263, -h = 4*a - 1600. List the prime factors of a.
3, 7, 19
Suppose -4*i - 13*g = -10*g - 18, -10 = -4*i + g. Suppose 36 = i*k - 987. What are the prime factors of k?
11, 31
Suppose 52*p - 56*p + 4236 = 0. Let h = -724 + p. List the prime factors of h.
5, 67
Suppose 31*n + 59811 = 292404. List the prime factors of n.
3, 41, 61
Suppose 2*a - 89699 = -4*i + 5637, i - 4*a = 23870. List the prime factors of i.
2, 3, 29, 137
Let f be 20/(2 + 8) + 9. Let c(q) be the second derivative of -q**5/20 + 13*q**4/12 - 5*q**3/2 + 7*q**2 + q. What are the prime factors of c(f)?
7, 13
Let f(b) = -b + 1. Let w(n) = 2*n. Let q(s) = -f(s) - w(s). Let m be q(-10). Suppose -1915 = -m*o - 340. List the prime factors of o.
5, 7
Let m(l) = l**3 - 7*l**2 - 7*l - 4. Let z be m(8). Suppose 1492 = 2*s - 4*w, -4644 = -z*s + w - 1646. What are the prime factors o